+ r - 5757, -5*l = 5*r - 9595. Suppose -4*q = 3*k - l, 0*q + k = 3*q - 1436. Is q a composite number?
False
Let x(s) = 2*s**3 - 6*s**2 + 2*s - 5. Suppose 0 = 2*n - 4*v, -3*n - 5*v + v = -20. Is x(n) composite?
True
Let n(j) = j + 12. Let y be n(-9). Suppose r + 170 = y*r. Is r composite?
True
Suppose 1 = -2*j + j. Let r be (-2)/11 - 39/(-33). Is r/(j + 2) - -36 prime?
True
Let i be 6/27 - 1429/(-9). Suppose -4*n = -4*b - 352, 0 = 4*n + 5*b - i - 175. Suppose 0 = -0*m + 2*m - n. Is m a prime number?
True
Let g = 0 - -2. Suppose -3 = -2*a - 5, -3*a = g*b - 177. Suppose 2*r = 244 + b. Is r a prime number?
True
Let p be 1 + 57 + (2 - 2). Let b(g) = 2*g + 1. Let m be b(10). Let i = p - m. Is i a composite number?
False
Let o(u) = 1766*u**2 - u + 1. Is o(2) composite?
True
Let r be -1*((-1 - -2) + -4). Let z(x) = x**2 - x - 3. Let g be z(r). Suppose s = -g*s + 148. Is s prime?
True
Is (-46)/(-4)*(7 + -5) a prime number?
True
Suppose 5 = 4*t + 1. Suppose 2*a = -4*c + 1006, a = 2*a - t. Is c composite?
False
Suppose -2*u - m + 4*m - 16 = 0, -5*u + 2*m - 29 = 0. Let g = u - -8. Suppose l - 111 = -2*k, 0*k + 5*l - 149 = -g*k. Is k prime?
False
Suppose q - 2*q - 6 = 0. Let c = q - -13. Is c a composite number?
False
Let m(d) = 6*d**2 + 3*d - 7. Let o be m(5). Suppose o = 8*u - 6*u. Is u prime?
True
Suppose -5*m - 3*t = 14, t - 5*t = -8. Is (530/3)/(m/(-6)) a composite number?
True
Let o(c) = -8096*c**3 + c**2 + c - 1. Is o(-1) a composite number?
True
Suppose 124 = n + 5. Is n composite?
True
Suppose 2*d - 956 = 858. Let c = -468 + d. Is c a composite number?
False
Let c be (-60)/(-16) - (-9)/(-12). Suppose 0 = c*p + 3*v - 165, -p = -0*v - 3*v - 47. Is p composite?
False
Suppose 2*l - 3741 - 1930 = m, 11360 = 4*l + 4*m. Is l prime?
True
Suppose 5*x - 1056 = 64. Let u = x + -1. Is u prime?
True
Let n = -7 + 9. Suppose -u = n*u + 15, -4*u - 464 = -4*q. Is q composite?
True
Let v(c) = -c**2 + 19*c - 5. Let r be v(14). Is ((-22)/5)/((-13)/r) composite?
True
Let k = 80 + 277. Suppose 3*z + k = -0*z. Let a = 104 - z. Is a a composite number?
False
Is 4/((-32)/(-44980)) + 2/4 a composite number?
False
Let r = 12 - 3. Suppose 3 = -2*p + r. Suppose p*h = -0*h + 159. Is h prime?
True
Let x(u) = 3*u**3 - 1. Let o = 2 + -4. Let g = 4 + o. Is x(g) a prime number?
True
Suppose -1122 = -3*d + 5949. Is d a prime number?
True
Let g(w) = -150*w - 2 + 3 - 2. Is g(-1) prime?
True
Let a(b) = 5 + 4 - 2 + 4*b - 6 + 3*b**2. Is a(-8) a composite number?
True
Let p be 2/(-5) + 81/15. Suppose p*k - 31 = 3*l - 6, 4*l + 25 = 5*k. Is 14 - 1/(-2)*l a prime number?
False
Suppose -k + 402 = 5*k. Is k prime?
True
Suppose 2*t - 5*t + 15 = 0. Suppose -25 + t = -2*o. Is (3/2)/(5/o) composite?
False
Suppose 5*d + 47 = 7. Let o(k) = 3*k**2 + k - 7. Is o(d) composite?
True
Suppose -o + 5*s - 310 = -784, -5*s - 2330 = -5*o. Let l = o - 778. Is -2*l/4*1 a prime number?
True
Suppose 0 = -3*d + 6*d - 33. Let u(v) = v**3 - 8*v**2 + 7*v + 4. Let y be u(7). Let a = d - y. Is a a prime number?
True
Let n = -248 - -645. Is n a composite number?
False
Let w(c) = c**3 + 7. Let n be -1*(-7 + 0 + 1). Is w(n) a prime number?
True
Let a(h) = 45*h**2 + 3*h + 4. Is a(-2) a composite number?
True
Is 672 - ((-6)/(-3))/(-2) a prime number?
True
Let z(r) = r + 3*r**2 - 3*r + 5*r**3 + 0*r**2 + 1. Let o = -90 + 93. Is z(o) composite?
False
Let l = -2 - -21. Suppose a - 4*z - l = -0*a, 0 = 4*a + z - 25. Is a composite?
False
Let w(o) = o**2 + 4*o + 7. Let t(x) = x**2 + 4*x + 8. Let n(f) = -5*t(f) + 6*w(f). Is n(-9) prime?
True
Let z = 349 + 328. Is z composite?
False
Suppose 3*b = -2*u - 0*b + 25, 2*b - 35 = -3*u. Let g = 168 - u. Is g a composite number?
False
Let v = -1178 + 1752. Suppose -2*f = -2 - 2. Suppose -v = -2*s - 0*n - 3*n, 0 = -2*s + f*n + 594. Is s a prime number?
True
Let j(z) = 10*z + 5. Let v(w) = -20*w - 11. Let o be (4 + 2)/(-4 + 3). Let u(b) = o*v(b) - 13*j(b). Is u(-2) a prime number?
False
Let s be 6/12 - (-2)/4. Let q be 6 + -1 - (2 + s). Suppose 0 = -7*j + q*j + 95. Is j a prime number?
True
Let b be 1 + 8 + -2 + -2. Let i(v) = b - 17*v + 7*v - 19*v. Is i(-4) composite?
True
Let k(m) = 27*m - 1. Let o(v) = 54*v - 3. Let i(u) = -5*k(u) + 3*o(u). Let x be i(5). Suppose 0 = w + w + t - x, -271 = -4*w + t. Is w a composite number?
False
Suppose 0 = 2*k - 8, -4*v - 1263 = 4*k - 3443. Is v prime?
True
Let q be (0 - -5) + (-2 - 1). Suppose -q*k - 53 = -3*k. Is k a prime number?
True
Suppose -2*i = 8, 2*i + 2 = -z - 10. Let x(p) = -2*p. Let r(j) = 3*j. Let l(s) = z*r(s) - 5*x(s). Is l(-5) a prime number?
False
Is 35067/39 + (-8)/52 prime?
False
Suppose -4 = -d - d. Suppose -5*l + 3*r = -1359, -3*r - 11 = -d. Let o = -151 + l. Is o composite?
True
Is -1*4/12*-1191 a composite number?
False
Let p(b) = 11*b**2 + 10*b + 83. Is p(-6) a composite number?
False
Suppose -4*h = -2*o + 58, 3*h - 113 + 33 = -5*o. Is o composite?
False
Let k be 51/12 - (-1)/(-4). Suppose 2*m + 22 = k*m. Is (-3)/((-3)/m) - 2 a prime number?
False
Let v(z) = -z**3 - 3*z**2 - 5*z + 10. Let s be v(-8). Suppose 556 = 3*x + 2*r, -6*x = -4*x + 2*r - s. Suppose -6*w + 8*w - x = 0. Is w prime?
False
Let q = 153 - -70. Is q prime?
True
Let d(f) = f**2 - 3*f**2 + 6*f + f**2. Let y be d(6). Is y/(-2) - -58 - -1 composite?
False
Suppose -c + 2*l - 6 = -0*c, -41 = -4*c - 5*l. Suppose c*h - 1532 + 316 = -4*n, -4*h + 1181 = -3*n. Is h a composite number?
True
Let j = 186 - 47. Is j a prime number?
True
Let t be (-20)/(-25)*(-5)/2. Let a be (-5)/(-7) - 6/(-21). Is t - -67 - (a - 1) a composite number?
True
Suppose 0*c - c = -3. Suppose -2*s + 10 = -c*s. Is ((-3)/1)/(2/s) prime?
False
Is -4 + (-54565)/(-25) + 2/5 prime?
True
Is (-2)/(-9) + 25400/72 a prime number?
True
Let p(d) = -d**3 + 2*d**2 - 5*d + 2. Let z be p(5). Let t(y) = y**2 - 8*y + 10. Let g be t(7). Is g/12*-2*z a prime number?
False
Suppose -5*f + 5*x - 734 = -2029, 5*f + 3*x - 1295 = 0. Is f a prime number?
False
Let k(j) = -81*j**3 - j**2 - 3*j - 1. Is k(-2) prime?
False
Let q = -4 - -3. Let t be -1 - (-2 + 2/q). Suppose -n + 6 = 5*c, -t*n + 2*c = -0*c - 69. Is n a composite number?
True
Let g = -9 - -9. Suppose g = 5*y - 0*y - 335. Is y a composite number?
False
Let g = 979 - 492. Is g composite?
False
Suppose -y + 2*o + 3091 = 0, -3*y - 2*o = -6503 - 2802. Is y a composite number?
True
Let v(x) = 5*x**2 - x + 1. Let j be v(1). Suppose -z = -2, -2*h + 3659 - 737 = j*z. Is h/(-24)*(-3)/2 prime?
False
Let t be 0*1/2 - -4. Let w(p) be the first derivative of 2*p**3/3 + 3*p**2/2 + 3*p - 1. Is w(t) prime?
True
Let f(g) = -3*g**2 + 18*g + 14. Let t(k) = k + 1. Let c(z) = -f(z) + 5*t(z). Is c(10) prime?
False
Is ((-1)/(-3))/(1*1/2919) a composite number?
True
Suppose -n - 5 = -3. Is 1*n/(2/(-223)) a composite number?
False
Suppose 14 = -0*p - p - n, -5*p = -4*n + 34. Let z be ((-24)/10)/(4/p). Suppose -l = -z*l + 75. Is l a composite number?
True
Let y be (15/10)/((-1)/(-2)). Let m be 0 - 15/((-9)/y). Let a(i) = 2*i**3 - 5*i**2 + 3*i + 5. Is a(m) composite?
True
Let b(y) be the second derivative of 0 - 1/20*y**5 - 3/2*y**2 - 1/3*y**4 - y + 0*y**3. Is b(-5) prime?
False
Suppose -4*g + 7 + 13 = 0. Let j(m) = 15*m - 4. Is j(g) a prime number?
True
Let b = 386 + -255. Is b composite?
False
Let w be (-2 + 1)*18 + 3. Let i = 24 + w. Suppose -t + 0*t + 2*d + 25 = 0, -3*d - i = 0. Is t composite?
False
Let v be 0/((-2)/(-1)) - -9. Suppose -13 = -2*x + v. Suppose -3*d = -476 + x. Is d a prime number?
False
Suppose 0 = 5*t - 6012 - 4073. Is t prime?
True
Suppose 3*f - 87 = -4*q, 2*q + f - 77 = -2*q. Suppose -5*k + 7 = -18. Suppose 173 = k*m + q. Is m a prime number?
True
Let u = -2 - -3. Let s = 3 - u. Suppose 0 = d - 1 - s. Is d composite?
False
Let n be (-1)/4 - 7/4. Is n - 103*-2 - 3 composite?
True
Let x(j) = 10*j - 7. Let f = -12 - -17. Let i be x(f). Suppose v - 4 - 4 = 3*k, -k = -4*v + i. Is v prime?
True
Let n be (-1 - -4 - -3)*-1. Let g(d) = -d**3 - 5*d**2 + 6*d + 3. Let b be g(n). Is -1 + 29 + b/(-1) prime?
False
Let n(x) = -x**3 + 4*x**2 + 5*x - 6. Let c be (-26)/(-6) - (-3)/(-9). Suppose w = 2*w - c. Is n(w) a composite number?
True
Suppose 2*u - 955 = -3*u. Let s = -76 + u. Is s a composite number?
True
Suppose -x = -v - 292, 5*x = v - 4*v + 1484. Is x a prime number?
False
Let u